{"id":96,"date":"2018-02-16T14:00:11","date_gmt":"2018-02-16T13:00:11","guid":{"rendered":"http:\/\/www.invest-con.com\/homepages\/investcon\/?page_id=96"},"modified":"2018-05-28T13:20:02","modified_gmt":"2018-05-28T11:20:02","slug":"immobilien","status":"publish","type":"page","link":"https:\/\/www.invest-con.com\/homepages\/investcon\/finanzconsulting\/immobilien\/","title":{"rendered":"Immobilien \/ Kredite"},"content":{"rendered":"<figure id=\"attachment_830\" aria-describedby=\"caption-attachment-830\" style=\"width: 300px\" class=\"wp-caption alignleft\"><img decoding=\"async\" loading=\"lazy\" class=\"size-medium wp-image-830\" src=\"http:\/\/www.invest-con.com\/homepages\/investcon\/wp-content\/uploads\/2018\/04\/immobilien_1524048955-300x200.jpg\" alt=\"\" width=\"300\" height=\"200\" srcset=\"https:\/\/www.invest-con.com\/homepages\/investcon\/wp-content\/uploads\/2018\/04\/immobilien_1524048955-300x200.jpg 300w, https:\/\/www.invest-con.com\/homepages\/investcon\/wp-content\/uploads\/2018\/04\/immobilien_1524048955-768x512.jpg 768w, https:\/\/www.invest-con.com\/homepages\/investcon\/wp-content\/uploads\/2018\/04\/immobilien_1524048955-1024x682.jpg 1024w, https:\/\/www.invest-con.com\/homepages\/investcon\/wp-content\/uploads\/2018\/04\/immobilien_1524048955.jpg 1280w\" sizes=\"(max-width: 300px) 100vw, 300px\" \/><figcaption id=\"caption-attachment-830\" class=\"wp-caption-text\"><span style=\"font-size: 10px;\"><a href=\"https:\/\/pixabay.com\/users\/Pexels\/\">Pexels<\/a> \/ Pixabay<\/span><\/figcaption><\/figure>\n<p>Bei dem Thema Eigenheim oder auch der klassischen Anlegerwohnung mussten schon viele Privatanleger herbe Entt\u00e4uschungen erfahren!\u00a0 Abseits von etlichen Skandalen in \u00d6sterreich durch diverse dubiose Firmen, ist auch die Komplexit\u00e4t bei z. B. Immobilienbewertung und Immobiliensanierung wirklich nur ein Thema f\u00fcr Top-Spezialisten. Gerade aufgrund der h\u00f6heren Summen um die es hier meist langfristig geht!<\/p>\n<p>Durch das Knowhow unserer Spezialisten, seit nun gut drei Jahrzehnten, konnten wir unseren Klienten immer gut zur Seite stehen und in vielen Punkten behilflich sein.<br \/>\nOb es nun um Anschaffung eines Eigenheimes geht, die Anlage in eine Vorsorgewohnung, den Verkauf der eigenen Immobilie bis hin zum Kauf und Sanierung eines Zinshauses!<br \/>\nFragen Sie einfach Ihren INVESTcon Berater.<\/p>\n","protected":false},"excerpt":{"rendered":"<p>Bei dem Thema Eigenheim oder auch der klassischen Anlegerwohnung mussten schon viele Privatanleger herbe Entt\u00e4uschungen erfahren!\u00a0 Abseits von etlichen Skandalen &hellip; <\/p>\n","protected":false},"author":1,"featured_media":0,"parent":94,"menu_order":0,"comment_status":"closed","ping_status":"closed","template":"","meta":{"footnotes":""},"_links":{"self":[{"href":"https:\/\/www.invest-con.com\/homepages\/investcon\/wp-json\/wp\/v2\/pages\/96"}],"collection":[{"href":"https:\/\/www.invest-con.com\/homepages\/investcon\/wp-json\/wp\/v2\/pages"}],"about":[{"href":"https:\/\/www.invest-con.com\/homepages\/investcon\/wp-json\/wp\/v2\/types\/page"}],"author":[{"embeddable":true,"href":"https:\/\/www.invest-con.com\/homepages\/investcon\/wp-json\/wp\/v2\/users\/1"}],"replies":[{"embeddable":true,"href":"https:\/\/www.invest-con.com\/homepages\/investcon\/wp-json\/wp\/v2\/comments?post=96"}],"version-history":[{"count":0,"href":"https:\/\/www.invest-con.com\/homepages\/investcon\/wp-json\/wp\/v2\/pages\/96\/revisions"}],"up":[{"embeddable":true,"href":"https:\/\/www.invest-con.com\/homepages\/investcon\/wp-json\/wp\/v2\/pages\/94"}],"wp:attachment":[{"href":"https:\/\/www.invest-con.com\/homepages\/investcon\/wp-json\/wp\/v2\/media?parent=96"}],"curies":[{"name":"wp","href":"https:\/\/api.w.org\/{rel}","templated":true}]}}