{"id":92,"date":"2018-02-16T13:59:43","date_gmt":"2018-02-16T12:59:43","guid":{"rendered":"http:\/\/www.invest-con.com\/homepages\/investcon\/?page_id=92"},"modified":"2019-01-21T11:12:23","modified_gmt":"2019-01-21T10:12:23","slug":"aus-und-weiterbildung-2","status":"publish","type":"page","link":"https:\/\/www.invest-con.com\/homepages\/investcon\/ueber-uns\/karriere\/aus-und-weiterbildung-2\/","title":{"rendered":"Aus- und Weiterbildung"},"content":{"rendered":"<figure id=\"attachment_840\" aria-describedby=\"caption-attachment-840\" style=\"width: 300px\" class=\"wp-caption alignleft\"><img decoding=\"async\" loading=\"lazy\" class=\"size-medium wp-image-840\" src=\"http:\/\/www.invest-con.com\/homepages\/investcon\/wp-content\/uploads\/2018\/04\/weiterbildung_1524049342-300x200.jpg\" alt=\"\" width=\"300\" height=\"200\" srcset=\"https:\/\/www.invest-con.com\/homepages\/investcon\/wp-content\/uploads\/2018\/04\/weiterbildung_1524049342-300x200.jpg 300w, https:\/\/www.invest-con.com\/homepages\/investcon\/wp-content\/uploads\/2018\/04\/weiterbildung_1524049342-768x512.jpg 768w, https:\/\/www.invest-con.com\/homepages\/investcon\/wp-content\/uploads\/2018\/04\/weiterbildung_1524049342-1024x682.jpg 1024w, https:\/\/www.invest-con.com\/homepages\/investcon\/wp-content\/uploads\/2018\/04\/weiterbildung_1524049342.jpg 1280w\" sizes=\"(max-width: 300px) 100vw, 300px\" \/><figcaption id=\"caption-attachment-840\" class=\"wp-caption-text\"><span style=\"font-size: 10px;\"><a href=\"https:\/\/pixabay.com\/users\/Hans\/\">Hans<\/a> \/ Pixabay<\/span><\/figcaption><\/figure>\n<p>WISSEN IST DAS EINZIGE, DAS SICH VERMEHRT, WENN MAN ES TEILT!<\/p>\n<p>Daher ist aktuelles und umfassendes fachliches Know-how, ein wesentlicher Eckpfeiler unseres Erfolges. Aus- und Weiterbildung ist sowohl f\u00fcr Branchenfachleute als auch f\u00fcr Quereinsteiger die Basis allen Erfolges und wird durch laufende, kostenlose Schulungen aktiv unterst\u00fctzt.\u00a0 F\u00fcr die Basisausbildung ist ein Zeitraum von ca. 3 Monaten vorgesehen und geht dann in eine laufende Weiterbildung \u00fcber, die mit ca. 80 bis 150 Stunden pro Jahr anberaumt wird.<\/p>\n<p>Bei uns ist jeder Mitarbeiter verantwortlich Wissen und Erfahrungen an andere, vor allem an j\u00fcngere Kollegen, weiterzugeben. Dabei profitiert nicht nur der Wissens-Empf\u00e4nger, denn auch der Wissens-Sender lernt durch Lehren.<\/p>\n<h2><\/h2>\n<p>&nbsp;<\/p>\n","protected":false},"excerpt":{"rendered":"<p>WISSEN IST DAS EINZIGE, DAS SICH VERMEHRT, WENN MAN ES TEILT! Daher ist aktuelles und umfassendes fachliches Know-how, ein wesentlicher &hellip; <\/p>\n","protected":false},"author":1,"featured_media":0,"parent":90,"menu_order":0,"comment_status":"closed","ping_status":"closed","template":"","meta":{"footnotes":""},"_links":{"self":[{"href":"https:\/\/www.invest-con.com\/homepages\/investcon\/wp-json\/wp\/v2\/pages\/92"}],"collection":[{"href":"https:\/\/www.invest-con.com\/homepages\/investcon\/wp-json\/wp\/v2\/pages"}],"about":[{"href":"https:\/\/www.invest-con.com\/homepages\/investcon\/wp-json\/wp\/v2\/types\/page"}],"author":[{"embeddable":true,"href":"https:\/\/www.invest-con.com\/homepages\/investcon\/wp-json\/wp\/v2\/users\/1"}],"replies":[{"embeddable":true,"href":"https:\/\/www.invest-con.com\/homepages\/investcon\/wp-json\/wp\/v2\/comments?post=92"}],"version-history":[{"count":0,"href":"https:\/\/www.invest-con.com\/homepages\/investcon\/wp-json\/wp\/v2\/pages\/92\/revisions"}],"up":[{"embeddable":true,"href":"https:\/\/www.invest-con.com\/homepages\/investcon\/wp-json\/wp\/v2\/pages\/90"}],"wp:attachment":[{"href":"https:\/\/www.invest-con.com\/homepages\/investcon\/wp-json\/wp\/v2\/media?parent=92"}],"curies":[{"name":"wp","href":"https:\/\/api.w.org\/{rel}","templated":true}]}}