{"id":1513,"date":"2019-01-21T16:09:50","date_gmt":"2019-01-21T15:09:50","guid":{"rendered":"https:\/\/www.invest-con.com\/homepages\/investcon\/?page_id=1513"},"modified":"2021-10-25T11:29:37","modified_gmt":"2021-10-25T09:29:37","slug":"drum-pruefe-wer-sich-ewig-bindet","status":"publish","type":"page","link":"https:\/\/www.invest-con.com\/homepages\/investcon\/drum-pruefe-wer-sich-ewig-bindet\/","title":{"rendered":"Drum pr\u00fcfe wer sich ewig bindet"},"content":{"rendered":"<h2><\/h2>\n<p>DRUM PR\u00dcFE, WER SICH EWIG BINDET \u2013 IHR EINSTIEG ALS ANW\u00c4RTER<\/p>\n<p>Viele unserer Mitarbeiter machten ihre ersten beruflichen Erfahrungen mit INVEST-CON bereits w\u00e4hrend ihrer Ausbildung an einer Universit\u00e4t oder Fachhochschule. Wir bieten Studenten die M\u00f6glichkeit in die Beraterwelt hineinzuschnuppern und erste Erfahrungen zu sammeln.<\/p>\n<p>Um den gro\u00dfen Aufgaben und Herausforderungen der Finanzwelt gerecht zu werden, brauchen wir Mitarbeiter mit einem hohen Ma\u00df an Selbstverantwortung, \u00fcberdurchschnittlichem Engagement und gro\u00dfer Motivation.<\/p>\n<p>f\u00fcr offene Stellen klicken Sie\u00a0<a href=\"http:\/\/www.invest-con.com\/homepages\/investcon\/aktuelles\/jobangebote\/\">hier<\/a><\/p>\n","protected":false},"excerpt":{"rendered":"<p>DRUM PR\u00dcFE, WER SICH EWIG BINDET \u2013 IHR EINSTIEG ALS ANW\u00c4RTER Viele unserer Mitarbeiter machten ihre ersten beruflichen Erfahrungen mit &hellip; <\/p>\n","protected":false},"author":1,"featured_media":0,"parent":0,"menu_order":0,"comment_status":"closed","ping_status":"closed","template":"","meta":{"footnotes":""},"_links":{"self":[{"href":"https:\/\/www.invest-con.com\/homepages\/investcon\/wp-json\/wp\/v2\/pages\/1513"}],"collection":[{"href":"https:\/\/www.invest-con.com\/homepages\/investcon\/wp-json\/wp\/v2\/pages"}],"about":[{"href":"https:\/\/www.invest-con.com\/homepages\/investcon\/wp-json\/wp\/v2\/types\/page"}],"author":[{"embeddable":true,"href":"https:\/\/www.invest-con.com\/homepages\/investcon\/wp-json\/wp\/v2\/users\/1"}],"replies":[{"embeddable":true,"href":"https:\/\/www.invest-con.com\/homepages\/investcon\/wp-json\/wp\/v2\/comments?post=1513"}],"version-history":[{"count":1,"href":"https:\/\/www.invest-con.com\/homepages\/investcon\/wp-json\/wp\/v2\/pages\/1513\/revisions"}],"predecessor-version":[{"id":3453,"href":"https:\/\/www.invest-con.com\/homepages\/investcon\/wp-json\/wp\/v2\/pages\/1513\/revisions\/3453"}],"wp:attachment":[{"href":"https:\/\/www.invest-con.com\/homepages\/investcon\/wp-json\/wp\/v2\/media?parent=1513"}],"curies":[{"name":"wp","href":"https:\/\/api.w.org\/{rel}","templated":true}]}}