{"id":1507,"date":"2019-01-21T16:07:43","date_gmt":"2019-01-21T15:07:43","guid":{"rendered":"https:\/\/www.invest-con.com\/homepages\/investcon\/?page_id=1507"},"modified":"2021-10-25T11:28:39","modified_gmt":"2021-10-25T09:28:39","slug":"ihre-karriere-bestimmt-unser-wachstum","status":"publish","type":"page","link":"https:\/\/www.invest-con.com\/homepages\/investcon\/ihre-karriere-bestimmt-unser-wachstum\/","title":{"rendered":"Ihre Karriere bestimmt unser Wachstum"},"content":{"rendered":"<h2><\/h2>\n<p>IHRE KARRIERE BESTIMMT UNSER WACHSTUM \u2013 NACH OBEN GIBT ES KEINE GRENZEN!\u00a0EIN GUTER START VERK\u00dcRZT LANGE KARRIEREWEGE:<\/p>\n<p>INVEST-CON BIETET IHNEN VIELE M\u00d6GLICHKEITEN<br \/>\nPlanen Sie mit uns Ihre Karriere! Wie schnell und welche Karriereschritte Sie machen, h\u00e4ngt von Ihren F\u00e4higkeiten und nat\u00fcrlich auch von Ihren W\u00fcnschen ab. Bei uns gibt es keine starren Karrieremuster, denn wir setzen auf individuelle Personalentwicklung. Somit geben wir Ihnen die M\u00f6glichkeit Ihr Weiterkommen selbst in die Hand zu nehmen. Wenn Sie in Ihrem Fachgebiet Hervorragendes leisten und sich auch pers\u00f6nlich laufend weiterentwickeln, sind Ihrer Karriere bei INVEST-CON keine Grenzen gesetzt.<\/p>\n<p>Wo Sie Ihre St\u00e4rken haben, wissen Sie selbst am besten. Deshalb haben Sie bei INVEST-CON die Wahl, in welchem Gesch\u00e4ftsbereich Sie t\u00e4tig sein m\u00f6chten: Finanzconsulting, Management, Finanzierung etc. \u2013 entscheiden Sie selbst! Wenn sich Ihr Schwerpunkt im Laufe Ihrer T\u00e4tigkeit verlagert, k\u00f6nnen Sie den Bereich auch wechseln.<\/p>\n<p>Ein dynamisch wachsendes Dienstleistungsunternehmen erfordert die rechtzeitige Identifikation und F\u00f6rderung von jungen F\u00fchrungskr\u00e4ften. Unser Personalentwicklungskonzept sieht vor, F\u00fchrungspositionen prim\u00e4r aus den eigenen Reihen zu besetzen. Somit legen wir neben dem Aufbau von fachlichem Know-how hohes Augenmerk auf die Entwicklung von Sozial- und F\u00fchrungskompetenzen. Sie bringen die notwendigen Voraussetzungen mit, wir sorgen f\u00fcr den Feinschliff.<\/p>\n","protected":false},"excerpt":{"rendered":"<p>IHRE KARRIERE BESTIMMT UNSER WACHSTUM \u2013 NACH OBEN GIBT ES KEINE GRENZEN!\u00a0EIN GUTER START VERK\u00dcRZT LANGE KARRIEREWEGE: INVEST-CON BIETET IHNEN &hellip; <\/p>\n","protected":false},"author":1,"featured_media":0,"parent":0,"menu_order":0,"comment_status":"closed","ping_status":"closed","template":"","meta":{"footnotes":""},"_links":{"self":[{"href":"https:\/\/www.invest-con.com\/homepages\/investcon\/wp-json\/wp\/v2\/pages\/1507"}],"collection":[{"href":"https:\/\/www.invest-con.com\/homepages\/investcon\/wp-json\/wp\/v2\/pages"}],"about":[{"href":"https:\/\/www.invest-con.com\/homepages\/investcon\/wp-json\/wp\/v2\/types\/page"}],"author":[{"embeddable":true,"href":"https:\/\/www.invest-con.com\/homepages\/investcon\/wp-json\/wp\/v2\/users\/1"}],"replies":[{"embeddable":true,"href":"https:\/\/www.invest-con.com\/homepages\/investcon\/wp-json\/wp\/v2\/comments?post=1507"}],"version-history":[{"count":1,"href":"https:\/\/www.invest-con.com\/homepages\/investcon\/wp-json\/wp\/v2\/pages\/1507\/revisions"}],"predecessor-version":[{"id":3451,"href":"https:\/\/www.invest-con.com\/homepages\/investcon\/wp-json\/wp\/v2\/pages\/1507\/revisions\/3451"}],"wp:attachment":[{"href":"https:\/\/www.invest-con.com\/homepages\/investcon\/wp-json\/wp\/v2\/media?parent=1507"}],"curies":[{"name":"wp","href":"https:\/\/api.w.org\/{rel}","templated":true}]}}