{"id":1122,"date":"2018-07-17T10:43:01","date_gmt":"2018-07-17T08:43:01","guid":{"rendered":"http:\/\/www.invest-con.com\/homepages\/investcon\/?page_id=1122"},"modified":"2024-06-11T11:52:07","modified_gmt":"2024-06-11T09:52:07","slug":"magmarkussteiner","status":"publish","type":"page","link":"https:\/\/www.invest-con.com\/homepages\/investcon\/magmarkussteiner\/","title":{"rendered":"Herr Mag. M. Steiner, Consulting Direktor"},"content":{"rendered":"<p><img decoding=\"async\" loading=\"lazy\" class=\"alignleft size-thumbnail wp-image-2456\" src=\"https:\/\/www.invest-con.com\/homepages\/investcon\/wp-content\/uploads\/2020\/03\/Mag-Markus-Steiner-150-pixel-150x150.jpg\" alt=\"\" width=\"150\" height=\"150\" srcset=\"https:\/\/www.invest-con.com\/homepages\/investcon\/wp-content\/uploads\/2020\/03\/Mag-Markus-Steiner-150-pixel-150x150.jpg 150w, https:\/\/www.invest-con.com\/homepages\/investcon\/wp-content\/uploads\/2020\/03\/Mag-Markus-Steiner-150-pixel-70x70.jpg 70w, https:\/\/www.invest-con.com\/homepages\/investcon\/wp-content\/uploads\/2020\/03\/Mag-Markus-Steiner-150-pixel-125x125.jpg 125w\" sizes=\"(max-width: 150px) 100vw, 150px\" \/><div class=\"clearfix rara-row\"><div class=\"rara_column rara-span3\"><div id=\"cc-m-12748434431\" class=\"j-module n j-text \">\n<ul>\n<li>staatlich gepr\u00fcfter Verm\u00f6gensberater<\/li>\n<li>Vermittlung von Lebens- und Unfallversicherungen in der Form Versicherungsagenten<\/li>\n<li>vertraglich gebundener Vermittler f\u00fcr die <span style=\"font-size: 16px;\">INVEST-CON <\/span>Finanzconsulting GmbH<\/li>\n<li>Email:\u00a0<a href=\"mailto:office.wien13@invest-con.at\">office.wien13@invest-con.at<\/a><\/li>\n<li>Tel.: +43 732 302075-0<\/li>\n<li>Fax: +43 732 302075-20<\/li>\n<\/ul>\n<p>Termine nach Vereinbarung<\/p>\n<p><a href=\"https:\/\/firmen.wko.at\/Web\/DetailsKontakt.aspx?FirmaID=a8dba1a4-7cf9-4c2b-83ce-84294a8d3f72\"><img decoding=\"async\" loading=\"lazy\" class=\"alignleft\" src=\"https:\/\/image.jimcdn.com\/app\/cms\/image\/transf\/none\/path\/s05287fd395bf8ff0\/image\/i1ceaef5d7576072d\/version\/1517940481\/image.gif\" alt=\"\" width=\"169\" height=\"23\" \/><\/a><\/p>\n<\/div><\/div>\n<div class=\"rara_column rara-span3\"><\/div><\/div><\/p>\n<p>&nbsp;<\/p>\n<p><span style=\"font-weight: 400;\">\u00a0<\/span><\/p>\n<p style=\"font-weight: 400;\" data-original-attrs=\"{&quot;style&quot;:&quot;&quot;}\"><strong>He<\/strong><strong>rr Mag. Steiner, wie sind Sie eigentlich zu Investcon g<\/strong><strong data-original-attrs=\"{&quot;style&quot;:&quot;&quot;}\">ekommen?<\/strong><\/p>\n<p style=\"font-weight: 400;\" data-original-attrs=\"{&quot;style&quot;:&quot;&quot;}\">Ich wurde durch einen Headhunter auf die Firma Investcon aufmerksam und zu einem Vorstellungsgespr\u00e4ch eingeladen. Zu dieser Zeit im August 2015 war ich gerade mitten in den Vorbereitung f\u00fcr die Weinlese. Denn ich habe mir 1 Jahr zuvor 2 Ha Weing\u00e4rten im Seewinkel gepachtet und bewirtschaftete diese gemeinsam mit Freunden. In diesem Jahr kelterten wir unseren ersten Jahrgang selbst. Mittlerweile sind alle Vorr\u00e4te ausgetrunken \ud83d\ude09<\/p>\n<p style=\"font-weight: 400;\" data-original-attrs=\"{&quot;style&quot;:&quot;&quot;}\">Trotzdem war ich auf der Suche nach neuen Herausforderungen und nahm deshalb die Chance wahr, Partner von der Firma Investcon zu werden und bin mit der Entscheidung 5 Jahre danach immer noch sehr gl\u00fccklich.<\/p>\n<p style=\"font-weight: 400;\" data-original-attrs=\"{&quot;style&quot;:&quot;&quot;}\">Mich interessierten die Finanzwirtschaft und volkswirtschaftliche Zusammenh\u00e4nge immer sehr und dies war die M\u00f6glichkeit f\u00fcr mich diesen Bereich hautnah in der Praxis kennenzulernen. Denn dieser Aspekt kam w\u00e4hrend meines Betriebswirtschaftsstudiums an der WU leider zu kurz. Hier werden einem die theoretischen Grundkenntnisse beigebracht, welche einem im t\u00e4glichen Leben nicht unbedingt weiterbringen.<\/p>\n<p style=\"font-weight: 400;\" data-original-attrs=\"{&quot;style&quot;:&quot;&quot;}\"><strong>Und was ist f\u00fcr Sie das besonders Reizvolle an dieser T\u00e4tigkeit?<\/strong><\/p>\n<p style=\"font-weight: 400;\" data-original-attrs=\"{&quot;style&quot;:&quot;&quot;}\">F\u00fcr mich ist das Interessante an dieser T\u00e4tigkeit, unseren Kunden M\u00f6glichkeiten zu bieten, von den Entwicklungen in der Wirtschaft profitieren zu k\u00f6nnen. Sei es nun im Veranlagungsbereich, Finanzierungsbereich oder in der gesundheitlichen Vorsorge. In allen Bereichen hat sich in den letzten Jahren Einiges getan, Stichwort DSGVO, MIFID 2, Nullzinsphase usw. und alles hat Auswirkungen auf unser t\u00e4gliches Leben, auch wenn man sich nicht t\u00e4glich damit besch\u00e4ftigt. Hier stehen wir gerne mit Rat und Tat zur Seite. Genau das ist es, was mir an meiner Arbeit so gef\u00e4llt. Zus\u00e4tzlich sch\u00e4tz ich, die M\u00f6glichkeit des Selbstmanagements, flexible Zeiteinteilung und uneingeschr\u00e4nkt auf die Unterst\u00fctzung unserer Spezialisten zur\u00fcckgreifen zu k\u00f6nnen, sehr.<\/p>\n<p style=\"font-weight: 400;\" data-original-attrs=\"{&quot;style&quot;:&quot;&quot;}\"><strong>Wie hat sich Ihr Arbeitsalltag w\u00e4hrend der Corona Krise ver\u00e4ndert?<\/strong><\/p>\n<p style=\"font-weight: 400;\" data-original-attrs=\"{&quot;style&quot;:&quot;&quot;}\">In den ersten beiden Wochen des Lockdowns habe ich mich streng an die Ausgangssperre gehalten und habe daher mit meinen Kunden nur den telefonischen Kontakt gesucht. Die Kunden waren \u00fcber die Anrufe und die Informationen bez\u00fcglich der Auswirkungen der Situation auf ihre Produkte dankbar. Meistens sind daraus l\u00e4ngere Gespr\u00e4che entstanden. Nach den 2 Wochen habe ich bereits \u00fcber Videotelefonie wieder mit meinen Kollegen Meetings und mit den Kunden Beratungsgespr\u00e4che abgehalten. Dies funktionierte relativ reibungslos. Auch die Abwicklung mit unserem Innendienst und unseren Produktpartnern funktionierte f\u00fcr diese neue Situation wunderbar. Daf\u00fcr von meiner Seite ein gro\u00dfes Dankesch\u00f6n!<\/p>\n<p style=\"font-weight: 400;\" data-original-attrs=\"{&quot;style&quot;:&quot;&quot;}\"><strong>Und welche Lehren ziehen Sie f\u00fcr die Zukunft daraus?<\/strong><\/p>\n<p style=\"font-weight: 400;\" data-original-attrs=\"{&quot;style&quot;:&quot;&quot;}\">Ich glaube, dass in vielen Branchen und Unternehmen den Mitarbeitern vermehrt die M\u00f6glichkeit des Teleworkings angeboten wird. Zumindest f\u00fcr 1 oder 2 Tage pro Woche. Die Corona-Zeit hat gezeigt, dass dies in vielen Bereichen m\u00f6glich ist. Ich glaube, die Pendler und die Umwelt w\u00fcrden das sehr begr\u00fc\u00dfen. Ob sich an der Globalisierung etwas \u00e4ndern wird, mehr regional produziert wird, die Lieferketten besser strukturiert werden, wird sich zeigen. Hier traue ich mir keine Einsch\u00e4tzung abgeben. Ich pers\u00f6nlich w\u00fcrde mich dar\u00fcber freuen.<\/p>\n<p style=\"font-weight: 400;\" data-original-attrs=\"{&quot;style&quot;:&quot;&quot;}\"><strong>Worin sehen Sie pers\u00f6nlich die gr\u00f6\u00dften Herausforderungen f\u00fcr die kommenden 3 Jahre?<\/strong><\/p>\n<p style=\"font-weight: 400;\" data-original-attrs=\"{&quot;style&quot;:&quot;&quot;}\">Ich pers\u00f6nlich glaube, dass sich die Herausforderungen im Dienstleistungssektor in den n\u00e4chsten 3 Jahren kaum (zu jetzt) ver\u00e4ndern werden. Hoch qualitative Beratung, Kundenn\u00e4he und Teamzusammenhalt werden auch in Zukunft das A und O sein. Deshalb werde ich gemeinsam mit meinem Gesch\u00e4ftspartner versuchen, im Bereich Weiterbildung immer Up-to-Date zu sein, unseren bestehenden Kundenstamm bestens zu betreuen und neue Klienten von unserer Dienstleistung zu \u00fcberzeugen.<\/p>\n<p style=\"font-weight: 400;\" data-original-attrs=\"{&quot;style&quot;:&quot;&quot;}\">Au\u00dferdem wollen wir in den n\u00e4chsten Jahren unser Team vergr\u00f6\u00dfern und auch neuen Mitarbeitern die Chancen geben, in unserer Branche Fu\u00df zu fassen und Sie durch die Ausbildung hin zum staatlich gepr\u00fcften Berater begleiten.<\/p>\n<p style=\"font-weight: 400;\" data-original-attrs=\"{&quot;style&quot;:&quot;&quot;}\"><strong>Angaben zur Person:<\/strong><\/p>\n<p style=\"font-weight: 400;\" data-original-attrs=\"{&quot;style&quot;:&quot;&quot;}\"><strong>Lebensmotto:<\/strong>\u00a0Stay true, not better<\/p>\n<p style=\"font-weight: 400;\" data-original-attrs=\"{&quot;style&quot;:&quot;&quot;}\"><strong>Berufliche Position:<\/strong>\u00a0Senior Consulter, Gewerblicher Verm\u00f6gensberater,<\/p>\n<p style=\"font-weight: 400;\" data-original-attrs=\"{&quot;style&quot;:&quot;&quot;}\"><strong>Stand:<\/strong>\u00a0in gl\u00fccklicher Partnerschaft<\/p>\n<p style=\"font-weight: 400;\" data-original-attrs=\"{&quot;style&quot;:&quot;&quot;}\"><strong>Freizeit\/Hobbys:<\/strong>\u00a0Musik, Gitarre spielen, Tennis, Gartenarbeit, Wein,<\/p>\n<p data-original-attrs=\"{&quot;style&quot;:&quot;&quot;}\">\n","protected":false},"excerpt":{"rendered":"<p>&nbsp; \u00a0 Herr Mag. Steiner, wie sind Sie eigentlich zu Investcon gekommen? Ich wurde durch einen Headhunter auf die Firma &hellip; <\/p>\n","protected":false},"author":1,"featured_media":0,"parent":0,"menu_order":0,"comment_status":"closed","ping_status":"closed","template":"","meta":{"footnotes":""},"_links":{"self":[{"href":"https:\/\/www.invest-con.com\/homepages\/investcon\/wp-json\/wp\/v2\/pages\/1122"}],"collection":[{"href":"https:\/\/www.invest-con.com\/homepages\/investcon\/wp-json\/wp\/v2\/pages"}],"about":[{"href":"https:\/\/www.invest-con.com\/homepages\/investcon\/wp-json\/wp\/v2\/types\/page"}],"author":[{"embeddable":true,"href":"https:\/\/www.invest-con.com\/homepages\/investcon\/wp-json\/wp\/v2\/users\/1"}],"replies":[{"embeddable":true,"href":"https:\/\/www.invest-con.com\/homepages\/investcon\/wp-json\/wp\/v2\/comments?post=1122"}],"version-history":[{"count":5,"href":"https:\/\/www.invest-con.com\/homepages\/investcon\/wp-json\/wp\/v2\/pages\/1122\/revisions"}],"predecessor-version":[{"id":4141,"href":"https:\/\/www.invest-con.com\/homepages\/investcon\/wp-json\/wp\/v2\/pages\/1122\/revisions\/4141"}],"wp:attachment":[{"href":"https:\/\/www.invest-con.com\/homepages\/investcon\/wp-json\/wp\/v2\/media?parent=1122"}],"curies":[{"name":"wp","href":"https:\/\/api.w.org\/{rel}","templated":true}]}}