{"id":108,"date":"2018-02-16T14:01:30","date_gmt":"2018-02-16T13:01:30","guid":{"rendered":"http:\/\/www.invest-con.com\/homepages\/investcon\/?page_id=108"},"modified":"2026-03-18T11:59:36","modified_gmt":"2026-03-18T10:59:36","slug":"jobangebote","status":"publish","type":"page","link":"https:\/\/www.invest-con.com\/homepages\/investcon\/aktuelles\/jobangebote\/","title":{"rendered":"Jobangebote"},"content":{"rendered":"<p>Die INVEST-CON Finanzconsulting GmbH z\u00e4hlt seit Jahren zu den f\u00fchrenden Consultingkanzleien am Markt. Als eine durch die \u00f6sterreichische Finanzmarktaufsicht konzessioniertes Wertpapierdienstleistungsunternehmen stehen wir unseren Klientinnen und Klienten bei der Ausarbeitung und Durchf\u00fchrung von Vorsorge-, Investment- und Finanzierungs-konzepten, als engagierte Berater zur Seite.<\/p>\n<h3><\/h3>\n<h3>Consultant f\u00fcr Bgl, W, N\u00d6 oder O\u00d6<\/h3>\n<p>Ihre Aufgaben:<\/p>\n<p>Innerhalb unseres vielf\u00e4ltigen Leistungsspektrums liegen unsere Fokusbereiche in der Identifikation und dem Management gesch\u00e4ftsrelevanter operationeller und strategischer Risiken<\/p>\n<h3>Voraussetzungen:<\/h3>\n<ul>\n<li>Strukturierte und zielorientierte Vorgehensweise<\/li>\n<li>Projektorientiertes und selbst\u00e4ndiges Arbeiten<\/li>\n<li>Erfahrung mit Windows und MS-Office<\/li>\n<li>Kundenorientierter und kommunikativer Teamplayer<\/li>\n<li>Engagement und Flexibilit\u00e4t<\/li>\n<li>Telefonerfahrung ist Voraussetzung<\/li>\n<li>Integeres und KlientInnenorientiertes Verhalten<\/li>\n<li>Erkennen strategischer Risiken<\/li>\n<li>Interesse an wirtschaftlichen Themen und Zusammenh\u00e4ngen<\/li>\n<li>Langfristige Zusammenarbeit mit vielseitigen und herausfordernden Projekten<\/li>\n<li>Mitarbeit in einem engagierten, hochqualifizierten Team<\/li>\n<li>Breite fachliche und berufliche Entwicklungsm\u00f6glichkeiten<\/li>\n<li>Sehr gute\u00a0\u00f6ffentliche Erreichbarkeit unseres B\u00fcros<\/li>\n<li>Finanzielle Vorteile wie Erfolgsbeteiligung,<\/li>\n<li>Aufnahme und Analyse von anlagebezogenen Daten<\/li>\n<li>Konzepterstellung und Konzeptpr\u00e4sentation f\u00fcr Klientinnen und Klienten<\/li>\n<li>Analysierung und Durchf\u00fchrung des Angemessenheits- und Geeignetheitstests<\/li>\n<li>Identifikation von Risiken und Umsetzung \u00a0Ma\u00dfnahmen zur<\/li>\n<\/ul>\n<p>&nbsp;<\/p>\n<h3>Ihr Profil:<\/h3>\n<p>Sie passen sich neuen Situationen schnell an und stellen sich dabei flexibel auf Menschen, Aufgaben und Zielvorgaben ein. Sie sind eigeninitiativ, arbeiten selbstst\u00e4ndig und sind gleichzeitig ein echter Teamplayer. Zudem verf\u00fcgen Sie\u00a0\u00fcber eine analytische Denkweise und sind bereit laufend dazuzulernen, um sich und Ihr Team weiter voranzubringen.<\/p>\n<p>&nbsp;<\/p>\n<h3>Neben Ihren pers\u00f6nlichen St\u00e4rken bringen Sie folgendes mit:<\/h3>\n<p>Gutes Verst\u00e4ndnis \u00fcbergreifender Zusammenh\u00e4nge und Interesse an der Kombination von wirtschaftlichem Know-How in der Theorie und Praxis.<\/p>\n<p>&nbsp;<\/p>\n<h3>Unser Angebot:<\/h3>\n<ul>\n<li>Bestehender zu betreuender Kundenkreis vorhanden<\/li>\n<li>Teamorientiertes Arbeitsumfeld mit flachen Hierarchien<\/li>\n<li>Herausfordernde und abwechslungsreiche T\u00e4tigkeiten in spannenden nationalen Projekten<\/li>\n<li>Mentoring durch Fachexperten in offener Feedbackkultur<\/li>\n<li>Umfassende Aus- und Weiterbildungsprogramme sowie F\u00f6rderungen bei diversen staatlich zertifizierten Ausbildungen<\/li>\n<li>Ausgezeichnete Karrierem\u00f6glichkeiten in einer angenehmen, kollegialen Atmosph\u00e4re<\/li>\n<li>Firmenevents &#8211; <strong><a href=\"https:\/\/www.invest-con.com\/homepages\/investcon\/benefits\/\">lesen Sie dazu unsere Benefits<\/a><\/strong><\/li>\n<\/ul>\n<p>&nbsp;<\/p>\n<p>Wie bieten Ihnen folgende Gehaltsmodelle an:<\/p>\n<p>Jahresbruttogehalt ab \u20ac 32.000,- (<u>kein\u00a0<\/u>All In Vertrag) \u00a0abh\u00e4ngig von beruflicher Qualifikation und Erfahrung.<\/p>\n<p>Grundgehalt von 900 \u20ac Brutto monatlich und erfolgsbasierende \u00dcberzahlung<\/p>\n<p>G\u00e4nzliche auf Erfolg basierende Bezahlung.<\/p>\n<p>Dar\u00fcber hinaus bieten wir ein umfangreiches Paket an Bonis und Zulagen an wie Mitarbeiterbeteiligung, flexibels Arbeitszeitenmodell uvm.<\/p>\n<p>Senden Sie Ihre detaillierten Bewerbungsunterlagen samt Lebenslauf bitte an unsere E-Mail Adresse:\u00a0<a href=\"http:\/\/portal.invest-con.com\/\" target=\"_blank\" rel=\"noopener noreferrer\">office@invest-con.com.<\/a><\/p>\n<h3><\/h3>\n<h3 data-pm-slice=\"1 1 []\">Personalmanager Bgl, W, N\u00d6 oder O\u00d6<\/h3>\n<h3>Voraussetzung:<\/h3>\n<ul>\n<li>Strukturierte und zielorientierte Vorgehensweise<\/li>\n<li>Projektorientiertes und selbst\u00e4ndiges Arbeiten<\/li>\n<li>Kommunikativer Teamplayer<\/li>\n<li>Engagement und Flexibilit\u00e4t<\/li>\n<li>Telefonerfahrung<\/li>\n<li>Gute Deutschkenntnisse<\/li>\n<li>Integere Denkweise<\/li>\n<li>Hervorragende Menschenkenntnis<\/li>\n<li>Langfristige Zusammenarbeit<\/li>\n<li>Breite, fachliche und berufliche Entwicklungsm\u00f6glichkeiten<\/li>\n<li>Sehr gute\u00a0\u00f6ffentliche Erreichbarkeit unserer B\u00fcros<\/li>\n<li>Aufnahme und Analyse von personenbezogenen Daten<\/li>\n<\/ul>\n<h3>Wir bieten<\/h3>\n<p>Teamorientiertes Arbeitsumfeld<\/p>\n<p>Herausfordernde und abwechslungsreiche T\u00e4tigkeiten in spannenden nationalen Projekten<\/p>\n<p>Umfassende Aus- und Weiterbildungsprogramme sowie F\u00f6rderungen bei diversen staatlich zertifierten Ausbildungen<\/p>\n<p>Ausgezeichnete Karrierem\u00f6glichkeiten in einer angenehmen, kollegialen Atmosph\u00e4re<\/p>\n<h3>Wie bieten Ihnen folgende Gehaltsmodelle an:<\/h3>\n<p>Jahresbruttogehalt ab \u20ac 48.000,- ( kein\u00a0All In Vertrag) abh\u00e4ngig von beruflicher Qualifikation und Erfahrung.<\/p>\n<p>Grundgehalt von 900 \u20ac Brutto monatlich und erfolgsbasierende \u00dcberzahlung<\/p>\n<p>G\u00e4nzliche auf Erfolg basierende Bezahlung.<\/p>\n<p>Dar\u00fcber hinaus bieten wir ein umfangreiches Paket an Bonifikationen und Zulagen an, wie Mitarbeiterbeteiligung, flexibles Arbeitszeitenmodell uvm.<\/p>\n<p>Senden Sie Ihre detaillierten Bewerbungsunterlagen samt Lebenslauf bitte an unsere E-Mail Adresse:\u00a0<a href=\"http:\/\/portal.invest-con.com\/\" target=\"_blank\" rel=\"noopener noreferrer nofollow\">office@invest-con.com.<\/a><\/p>\n<p>&nbsp;<\/p>\n<h2>Studentenjob&#8217;s:<\/h2>\n<h2>Marketingmitarbeiter\/In<\/h2>\n<h4>ab 01. J\u00e4nner 2025 | Organisation und Verwaltung<\/h4>\n<p>MarketingmitarbeiterIn f\u00fcr Wien!<\/p>\n<p>Anforderungen: \u00a0 \u00a0 \u00a0 \u00a0 \u00a0Student in Ausbildung oder bereits abgeschlossenes Studium, Teilzeit, Arbeitsort ist flexibel,<br \/>\nAufgabenbereich: \u00a0 \u00a0 \u00a0 Veranstaltungs- und Eventorganisation<\/p>\n","protected":false},"excerpt":{"rendered":"<p>Die INVEST-CON Finanzconsulting GmbH z\u00e4hlt seit Jahren zu den f\u00fchrenden Consultingkanzleien am Markt. Als eine durch die \u00f6sterreichische Finanzmarktaufsicht konzessioniertes &hellip; <\/p>\n","protected":false},"author":1,"featured_media":0,"parent":106,"menu_order":0,"comment_status":"closed","ping_status":"closed","template":"","meta":{"footnotes":""},"_links":{"self":[{"href":"https:\/\/www.invest-con.com\/homepages\/investcon\/wp-json\/wp\/v2\/pages\/108"}],"collection":[{"href":"https:\/\/www.invest-con.com\/homepages\/investcon\/wp-json\/wp\/v2\/pages"}],"about":[{"href":"https:\/\/www.invest-con.com\/homepages\/investcon\/wp-json\/wp\/v2\/types\/page"}],"author":[{"embeddable":true,"href":"https:\/\/www.invest-con.com\/homepages\/investcon\/wp-json\/wp\/v2\/users\/1"}],"replies":[{"embeddable":true,"href":"https:\/\/www.invest-con.com\/homepages\/investcon\/wp-json\/wp\/v2\/comments?post=108"}],"version-history":[{"count":10,"href":"https:\/\/www.invest-con.com\/homepages\/investcon\/wp-json\/wp\/v2\/pages\/108\/revisions"}],"predecessor-version":[{"id":4415,"href":"https:\/\/www.invest-con.com\/homepages\/investcon\/wp-json\/wp\/v2\/pages\/108\/revisions\/4415"}],"up":[{"embeddable":true,"href":"https:\/\/www.invest-con.com\/homepages\/investcon\/wp-json\/wp\/v2\/pages\/106"}],"wp:attachment":[{"href":"https:\/\/www.invest-con.com\/homepages\/investcon\/wp-json\/wp\/v2\/media?parent=108"}],"curies":[{"name":"wp","href":"https:\/\/api.w.org\/{rel}","templated":true}]}}